57089883911 composite?
True
Is 4811862127 prime?
True
Is 210137507 prime?
True
Is 45009302707 composite?
True
Is 6006028123 a composite number?
True
Is 9731417809 composite?
False
Is 4133357257 composite?
False
Is 8780110399 composite?
True
Is 18199519043 a prime number?
True
Is 783081466523 a prime number?
True
Is 946650359 a prime number?
False
Is 3209022497 prime?
False
Is 6591054289 prime?
True
Is 1502713753 a composite number?
False
Is 20082716531 a prime number?
False
Is 156818749 composite?
False
Is 41348933513 prime?
True
Is 9684295301 prime?
False
Is 3258092059 a composite number?
True
Is 2653125751 a prime number?
False
Is 210533317 a composite number?
False
Is 13412621 prime?
False
Is 22266925171 a prime number?
False
Is 16880266303 composite?
True
Is 3206984783 prime?
False
Is 1425697993 a prime number?
True
Is 12777032777 prime?
False
Is 8734495685 composite?
True
Is 780980839 a composite number?
False
Is 71862319 a prime number?
False
Is 27288870397 composite?
True
Is 2284072841 a prime number?
False
Is 2443204451 a prime number?
False
Is 59941577065 composite?
True
Is 12463344767 composite?
False
Is 2699024011 a prime number?
True
Is 6168340931 a prime number?
True
Is 229843821661 a prime number?
False
Is 121842971 a prime number?
True
Is 65679377 a prime number?
True
Is 11269334819 composite?
False
Is 4242888437 a composite number?
False
Is 19496039741 prime?
False
Is 337622297 prime?
True
Is 70363963921 composite?
False
Is 69658986382 prime?
False
Is 1687434187 prime?
False
Is 25382710883 composite?
True
Is 31474323038 composite?
True
Is 24274879 composite?
False
Is 13478451067 composite?
False
Is 3062419681 composite?
False
Is 6493706641 composite?
True
Is 31234498007 a composite number?
False
Is 101495596679 a prime number?
False
Is 21276704543 a composite number?
True
Is 228830165 composite?
True
Is 1307213093 prime?
True
Is 579921763 a prime number?
False
Is 3011296469 composite?
False
Is 9622113287 a composite number?
False
Is 1762721359 composite?
True
Is 148103767226 prime?
False
Is 4564823911 a composite number?
True
Is 22980778829 composite?
False
Is 11772784169 a composite number?
False
Is 1327457419 prime?
False
Is 30770749 composite?
False
Is 7904645713 composite?
False
Is 14147472739 prime?
True
Is 7465490951 a composite number?
True
Is 32662599121 prime?
True
Is 998467427 a prime number?
False
Is 290644553 a prime number?
True
Is 4039288121 a composite number?
True
Is 211162097 a prime number?
False
Is 17709271603 a composite number?
True
Is 1032270281 a composite number?
True
Is 78106298507 a prime number?
True
Is 9479105971 a prime number?
False
Is 270826417 a composite number?
False
Is 34163511 prime?
False
Is 5287346201 a prime number?
False
Is 66237497 composite?
False
Is 1466368019 prime?
False
Is 1081097111 composite?
False
Is 6916099633 a composite number?
True
Is 870661901 composite?
False
Is 40479125003 prime?
False
Is 754721993 prime?
True
Is 7496765639 a composite number?
True
Is 1473247153 composite?
True
Is 69048992699 a prime number?
False
Is 14830531 composite?
False
Is 1611029351 prime?
False
Is 14103466313 a composite number?
False
Is 1353782099 a prime number?
True
Is 4296858509 a composite number?
True
Is 71681216491 a prime number?
False
Is 2636735914 a composite number?
True
Is 515007907 prime?
True
Is 156482353 a prime number?
False
Is 10825679749 prime?
False
Is 537483701 a prime number?
False
Is 31822450793 composite?
True
Is 2030475115 prime?
False
Is 194851141019 a composite number?
True
Is 56767310909 a composite number?
False
Is 506486441 a composite number?
False
Is 135960346901 prime?
False
Is 471361153 composite?
True
Is 1858387241 composite?
True
Is 9188520989 a prime number?
True
Is 969418127 composite?
False
Is 2198933131 composite?
False
Is 3294575699 composite?
True
Is 5201746409 prime?
False
Is 1536837061 prime?
True
Is 6674422517 prime?
False
Is 13805739577 a prime number?
False
Is 206501832623 prime?
True
Is 706355371 prime?
True
Is 2237557219 a prime number?
True
Is 50796273035 a composite number?
True
Is 1207812313 prime?
True
Is 3304199069 a composite number?
False
Is 742109989 composite?
True
Is 2124552071 a composite number?
True
Is 1491251557 a prime number?
False
Is 12943458107 a composite number?
False
Is 47471385317 prime?
True
Is 35750629 composite?
True
Is 8398707257 a composite number?
False
Is 660831707 prime?
False
Is 1470989657 a composite number?
False
Is 118120947757 a composite number?
False
Is 7059722017 prime?
True
Is 283033319 prime?
True
Is 160293900211 prime?
True
Is 2921662781 composite?
True
Is 779869911 prime?
False
Is 29022519707 a composite number?
False
Is 119626357 prime?
False
Is 705436247 a composite number?
True
Is 468167079043 a composite number?
False
Is 5200799353 prime?
False
Is 295950073 a prime number?
True
Is 5602985767 composite?
False
Is 64556131 composite?
False
Is 6133485613 composite?
False
Is 28696377799 a composite number?
True
Is 36818381693 a prime number?
False
Is 21341325403 composite?
False
Is 2103072929 a composite number?
False
Is 7796144749 composite?
False
Is 13915261663 prime?
True
Is 623081659 composite?
True
Is 1068423379 a prime number?
True
Is 1550836447 prime?
True
Is 182893517515 composite?
True
Is 5101656451 prime?
True
Is 332692761 composite?
True
Is 3882907903 a prime number?
False
Is 34446251821 composite?
False
Is 95117799137 composite?
False
Is 7148283061 a prime number?
False
Is 15234904837 composite?
True
Is 108791821 prime?
True
Is 99359038 prime?
False
Is 836862827 prime?
True
Is 15915306371 a composite number?
True
Is 47403286907 composite?
True
Is 5802123737 composite?
True
Is 670050421 composite?
True
Is 755077657 composite?
False
Is 19189019783 a prime number?
True
Is 1499689091 a composite number?
False
Is 37342933867 a prime number?
True
Is 146662469 a composite number?
False
Is 24572477311 a prime number?
False
Is 4265569523 a prime number?
False
Is 1511186421 composite?
True
Is 8359369453 prime?
True
Is 1271049053 a composite number?
False
Is 960462947 prime?
False
Is 1891596803 a prime number?
True
Is 2163208963 a prime number?
True
Is 31324375681 a prime number?
True
Is 59050408223 a composite number?
True
Is 133025813537 a prime number?
True
Is 2332967009 a prime number?
True
Is 13801432153 a prime number?
True
Is 13785257249 a composite number?
False
Is 14755132463 a composite number?
True
Is 6963326197 composite?
False
Is 15731463827 composite?
False
Is 478305481 composite?
True
Is 16819703353 prime?
True
Is 29283392111 a composite number?
False
Is 17987730953 prime?
False
Is 2222195809 a composite number?
False
Is 3261931069 a prime number?
True
Is 121740155917 composite?
False
Is 57865125751 a composite number?
False
Is 2258764337 prime?
True
Is 182160853181 prime?
True
Is 4709401007 composite?
False
Is 1325582677 a composite number?
True
Is 11314748503 composite?
True
Is 145588441 a prime number?
False
Is 6452299169 a composite number?
False
Is 17444295103 composite?
True
Is 22433354147 prime?
True
Is 616643149 a prime number?
False
Is 11949567439 a composite number?
True
Is 698812833 a prime number?
False
Is 18094735577 a prime number?
True
Is 2080935583 a composite number?
True
Is 3254867851 a prime number?
False
Is 292034357 a prime number?
True
Is 5382645535 a composite number?
True
Is 8218910327 a composite number?
False
Is 1569389947 a prime number?
False
Is 3418287239 a composite number?
False
Is 409640081 composite?
True
Is 20536046483 composite?
True
Is 217789224973 a prime number?
True
Is 2417196191 a composite number?
True
Is 35744072153 a composite number?
False
Is 1039524679 composite?
True
Is 75916438607 composite?
True
Is 14579277413 composite?
True
Is 15899820239 composite?
True
Is 811234157 composite?
False
Is 7980216767 prime?
True
Is 10462632511 a composite number?
True
Is 9574504037 prime?
False
Is 10281837793 a prime number?
False
Is 3029478433 a prime number?
True
Is 328247239 prime?
False
Is 5265756833 prime?
True
Is 434570711 a prime number?
False
Is 275189093 composite?
False
Is 17906566793 composite?
True
Is 88394297 prime?
False
Is 23660819671 a prime number?
True
Is 1670130563 composite?
False
Is 42742137533 prime?
True
Is 2263488923 a prime number?
Fals